 4*x + 34. Let z be a(-8). Suppose -6*p - z = -8*p. What is the remainder when p is divided by 33?
30
What is the remainder when 1 - 4 - 38*54/(-12) is divided by 34?
32
Let n(v) = v**3 - 2*v**2 - 7*v + 6. Suppose -3*f - 73 = -r - 4*r, 60 = 4*r - 2*f. Calculate the remainder when n(5) is divided by r.
12
Let u(d) = 28*d - 97. Calculate the remainder when u(9) is divided by 32.
27
Let d be (16/(-12))/((-3)/72). Let s be d + 0/2 + 3. Suppose s = 3*m - 4. Calculate the remainder when m is divided by 7.
6
Let a = -574 - -611. What is the remainder when 65 is divided by a?
28
Let a = -520 - -612. What is the remainder when a is divided by 32?
28
What is the remainder when 58 is divided by 4/4*(-5 - -8)?
1
Let p be (-502)/(-4) - 8/(-16). Suppose -9*s + 12*s = p. Calculate the remainder when s is divided by 11.
9
Let r = 109 - 45. Calculate the remainder when 254 is divided by r.
62
Let u(c) = c**3 - c**2 - 9*c. What is the remainder when 95 is divided by u(4)?
11
Suppose -12*x + 17*x - 60 = 0. Suppose 6*o + g - x = 5*o, 0 = 4*o + 3*g - 47. Calculate the remainder when 21 is divided by o.
10
Let y = -281 - -304. What is the remainder when 91 is divided by y?
22
Let o(j) = -4*j**2 - 2*j - 1. Let s be o(-1). Let m be 9/(-6) + s/(-6). What is the remainder when 34 is divided by 12 + -11 - (-7 + m)?
7
What is the remainder when 701 is divided by 10/(-9 + (-2051)/(-224))?
61
Suppose -3*n + 462 = 3*w, 2*n + 14*w - 16*w = 312. Calculate the remainder when n is divided by 26.
25
Calculate the remainder when 117/(1 + 2)*(2 - 1) is divided by 22.
17
Suppose 2*w - 6*w + 12 = 0, -4*w = -4*k + 4. Suppose -3*l + 14 = 3*p + 2, 0 = k*p - 8. Calculate the remainder when l is divided by (8 - (10 + -5))*2/3.
0
Let f be ((-440)/16 + 2)*2/(-3). Let d(c) = 7*c + 54. What is the remainder when d(f) is divided by 25?
23
Let m = -65 + 76. Calculate the remainder when 28 is divided by m.
6
Let b = 1212 + -1806. Let d be b/22 - (1 + -4). Let g = d - -41. Calculate the remainder when 33 is divided by g.
16
Let z be ((-8)/(-10))/((-8)/20). Suppose -5*a = -5*s + 3*s - 41, -3*s - 16 = -a. Calculate the remainder when (-1)/(-2)*z*95/(-5) is divided by a.
5
Let y(o) = 6*o - 7. Let f be y(-5). Let v = f - -61. What is the remainder when v is divided by 13?
11
Suppose 51 = c + 14. Let i = -19 - -39. Calculate the remainder when c is divided by i.
17
Suppose 6*n - 2*n + 84 = -5*u, -138 = 5*n - 2*u. Suppose 31*d = 44*d - 20*d + 98. Calculate the remainder when (n/(-4))/((-3)/(-12)) is divided by d.
12
Let q(w) = -2*w**3 + 14*w**2 - 5*w - 13. What is the remainder when q(6) is divided by (4/5)/(8/100)?
9
Suppose a - 2*a + 33 = -3*c, -4*c = 0. What is the remainder when 592 is divided by a?
31
Suppose 12 + 12 = 6*i. Suppose 2*l + 34 = i*l. Let w = 32 - 0. Calculate the remainder when w is divided by l.
15
Suppose -5*h = -3*t - 105, 2*t + 105 = 5*h + t. Calculate the remainder when h is divided by 14.
7
Let r be (-1)/(((-3)/(-105))/(-1)). Suppose -r - 109 = -4*k. Suppose 4*w + 2*s + s = 47, -k = -3*w - 3*s. Calculate the remainder when 31 is divided by w.
9
Suppose d = 5*l + 92, -d - 5*l + 9*l + 91 = 0. Let i(p) = -p**3 + 2*p**2 - 2*p - 2. What is the remainder when d is divided by i(-2)?
15
Let h(r) = -r**3 - 13*r**2 + 30*r + 4. Let w be h(-15). Suppose -144 = -w*s - 2*s. Suppose b - 13 = 1. What is the remainder when s is divided by b?
10
Calculate the remainder when 478 is divided by -11 + 22 + (22 - 11).
16
Let j = -409 - -226. Let w be 2/(-4) + (-418)/4. Let d = w - j. Calculate the remainder when d is divided by 16.
14
Suppose -168 = 6*y - 678. What is the remainder when y is divided by 29?
27
Suppose 4*q - i = 108, -6*i + 148 = 5*q - 4*i. Calculate the remainder when 1399 is divided by q.
27
Let k = -10 - -22. Let m(o) = o**2 - 2. What is the remainder when m(6) is divided by k?
10
Suppose 4*n = 108 + 120. Suppose 3*v + 51 - 20 = -b, -5*v - 3*b = 57. What is the remainder when n is divided by (-5*(-6)/v)/(2/(-12))?
17
Let y = 13 - 14. Suppose 38 = 4*x - 2*b, 3*x = b + 3*b + 41. Calculate the remainder when y/(-3 - (-112)/38) is divided by x.
5
Calculate the remainder when 917 is divided by 172/10 + (-3)/(-15)*-1.
16
Let p(n) = -n**3 - 7*n**2 - 10*n - 100. What is the remainder when p(-9) is divided by 55?
42
Let w(x) be the first derivative of -x**3/3 - 13*x**2/2 - 5*x + 30. Suppose 4*m + 0 = -28. Calculate the remainder when w(m) is divided by 20.
17
Suppose -4*l - 32 = -8*l. Let v be 136/24 - 4/6. Let z = v - 0. Calculate the remainder when l is divided by z.
3
Let a(y) = 2*y + 29. Let b(i) = -i**2 + i - 45. Let o be b(0). Let l = 65 + o. Calculate the remainder when a(24) is divided by l.
17
Suppose -2*v = 2*x - 0 - 6, 2*x = 5*v - 8. Suppose 0*f - 5*f = 15, 5*f = v*j - 31. What is the remainder when j is divided by (-2)/7 + (-16)/(-7)?
0
Let p = 41 - -16. Calculate the remainder when p is divided by 20.
17
Suppose 2*z - m = -3*z - 392, -154 = 2*z + m. Let k = 130 + z. What is the remainder when k is divided by 1196/65 + 4/(-10)?
16
Let m(q) = q - 1. Let z = -171 - -205. Suppose -z*c + 20 = -24*c. Calculate the remainder when c is divided by m(3).
0
Calculate the remainder when 190 is divided by 4/1 - (6 + -13 + -24).
15
Suppose -s = 2, 3*v - s - 3*s + 286 = 0. Let l = 150 + v. Let n = l + 10. Calculate the remainder when n is divided by 16.
14
What is the remainder when 10/(-10) + 160/1 is divided by 40?
39
Let z be (-1)/((-15)/(-155)) + (-2)/(-6). Let q = z + 38. What is the remainder when 53 is divided by q?
25
Let w = 1 + 2. Let q be (-2 - (-6)/w) + 0. Suppose 0*h - 71 = -h - 4*n, 5*h + 3*n - 372 = q. What is the remainder when h is divided by 19?
18
Let o = -10 - -10. Suppose 2*r + 3*r - 25 = o. What is the remainder when 17 is divided by r?
2
Let i be 3 + -4 + 0 + 3. Suppose -4*v = -i*v. Suppose v*m = -5*m + 55. What is the remainder when 31 is divided by m?
9
Let h = -2598 + 2658. What is the remainder when 185 is divided by h?
5
Let c(b) be the second derivative of -b**4/12 - 3*b**3/2 - 3*b**2 + 4*b. Let d be c(-8). Suppose -d*k = k - 15. Calculate the remainder when k is divided by 3.
2
Let p(h) = 15*h**2. Suppose 91*g = 78*g + 754. Calculate the remainder when g is divided by p(1).
13
Suppose 228 = 3*p + i + 96, 3*p + 5*i - 132 = 0. Suppose 9*c - 55 = 4*c. What is the remainder when p is divided by c?
0
Suppose 4*l = -2*t + 4, -2*t = t - 5*l + 27. Calculate the remainder when ((-559)/52)/(1/t) is divided by 11.
10
Let a = -99 + 308. Calculate the remainder when a is divided by 30.
29
Let z = 23 - 20. Suppose -v - 4 = -8. Suppose 2*p = -v*p + 12. What is the remainder when z is divided by p?
1
Let p(y) be the first derivative of 3*y**2/2 - y - 1. Suppose -35 = -5*m + 2*b, 4*b - 35 = 5*m - 10*m. Calculate the remainder when 78 is divided by p(m).
18
Suppose i + 2 + 1 = -4*r, -i + 37 = -4*r. Calculate the remainder when 70 is divided by i.
2
Let a(r) = 2*r**2 + 7*r + 41. Let x be (65 - 1)/((-2)/(-2)). Let p = x + -45. Calculate the remainder when a(-5) is divided by p.
18
Suppose -z = -0*z - 30. Suppose 4*q + q - z = -i, -4*i + 170 = -5*q. What is the remainder when i is divided by 6?
4
Let z be 2/19 - (-1668)/38. Let y = z - 11. What is the remainder when 64 is divided by y?
31
Let n(b) = b**2 - 4*b - 7. Let k be (-5 - -3) + 1 - -3. Suppose -k*j - 3*j = 4*x - 364, -4*j = -3*x - 285. What is the remainder when j is divided by n(8)?
22
Suppose 32 = -2*o - 2*c, 5*o + 0*c + c = -60. Let x = -11 - o. Calculate the remainder when (-2*136)/(-4) - x is divided by 23.
22
Let f = -8 - -13. Suppose f*q = 6 + 9. Suppose -92 = -4*l + 3*p - 8*p, -q*l + 58 = p. What is the remainder when 50 is divided by l?
14
Let m be 1 + -3 + (-84)/(-6). Suppose -m = -3*p + 24. Calculate the remainder when p is divided by 5.
2
Let f(x) = -4*x - 6. Let r(m) = -9*m - 12. Let l(p) = -7*f(p) + 3*r(p). Calculate the remainder when 18 is divided by l(4).
8
What is the remainder when 66 is divided by (-9 + 11 - 4)/(2/(-11))?
0
Suppose 2*y = -2*y + 268. Let t = -68 + 103. What is the remainder when y is divided by t?
32
Let y = 185 - 123. Suppose -4*r = t - y, 0 = -3*r + 5 + 10. Calculate the remainder when 124 is divided by t.
40
Calculate the remainder when 131 is divided by ((-18)/4)/(12 + (-511)/42).
